39353?
3
What is the ten millions digit of 267930635?
6
What is the hundred thousands digit of 67433952?
4
What is the ten thousands digit of 790910651?
1
What is the hundreds digit of 40664196?
1
What is the hundred thousands digit of 476921009?
9
What is the billions digit of 1735199804?
1
What is the millions digit of 1501511423?
1
What is the units digit of 9012725?
5
What is the ten thousands digit of 31169869?
6
What is the hundreds digit of 98970254?
2
What is the thousands digit of 113005255?
5
What is the ten thousands digit of 91635601?
3
What is the hundred thousands digit of 422768313?
7
What is the hundred millions digit of 998885148?
9
What is the ten thousands digit of 203354064?
5
What is the ten millions digit of 277412299?
7
What is the ten millions digit of 962895056?
6
What is the ten millions digit of 156175809?
5
What is the ten thousands digit of 910492663?
9
What is the hundred thousands digit of 941752833?
7
What is the thousands digit of 107100790?
0
What is the hundreds digit of 107063408?
4
What is the units digit of 79354526?
6
What is the hundreds digit of 4671626?
6
What is the units digit of 4064072565?
5
What is the hundred thousands digit of 586010741?
0
What is the tens digit of 59841039?
3
What is the ten thousands digit of 54532434?
3
What is the tens digit of 233745629?
2
What is the hundred thousands digit of 413751758?
7
What is the hundred thousands digit of 57297181?
2
What is the hundred millions digit of 4498417150?
4
What is the tens digit of 138238974?
7
What is the units digit of 76643490?
0
What is the hundred millions digit of 485687028?
4
What is the units digit of 21556183?
3
What is the millions digit of 20438505?
0
What is the tens digit of 224158455?
5
What is the units digit of 993427254?
4
What is the thousands digit of 363624444?
4
What is the ten thousands digit of 3143665474?
6
What is the thousands digit of 165182894?
2
What is the ten thousands digit of 1980275?
8
What is the units digit of 495506656?
6
What is the millions digit of 335981348?
5
What is the units digit of 65860048?
8
What is the thousands digit of 3952082708?
2
What is the hundred millions digit of 298159758?
2
What is the thousands digit of 135338788?
8
What is the units digit of 776494750?
0
What is the ten thousands digit of 805964413?
6
What is the tens digit of 57946875?
7
What is the hundreds digit of 490106935?
9
What is the ten thousands digit of 56129869?
2
What is the tens digit of 21628913?
1
What is the ten thousands digit of 36829223?
2
What is the hundreds digit of 15266912?
9
What is the hundred millions digit of 3347628185?
3
What is the millions digit of 1195891888?
5
What is the tens digit of 1948467829?
2
What is the hundreds digit of 30401693?
6
What is the units digit of 425752605?
5
What is the units digit of 61959341?
1
What is the units digit of 109942334?
4
What is the tens digit of 4176648175?
7
What is the hundred thousands digit of 54899684?
8
What is the ten thousands digit of 1619180024?
8
What is the hundreds digit of 1075457760?
7
What is the thousands digit of 7087951481?
1
What is the tens digit of 47061177?
7
What is the millions digit of 41953708?
1
What is the millions digit of 8063147421?
3
What is the ten thousands digit of 42199578?
9
What is the units digit of 6996531851?
1
What is the ten millions digit of 132706789?
3
What is the hundred thousands digit of 150797764?
7
What is the millions digit of 16636146?
6
What is the hundred millions digit of 1962440308?
9
What is the hundred thousands digit of 560516797?
5
What is the hundred millions digit of 126489264?
1
What is the units digit of 1939713034?
4
What is the millions digit of 2116244?
2
What is the thousands digit of 1776026025?
6
What is the tens digit of 169252?
5
What is the hundred millions digit of 2039067092?
0
What is the billions digit of 2234756416?
2
What is the hundred millions digit of 3286211533?
2
What is the hundred millions digit of 158699607?
1
What is the ten millions digit of 21258068?
2
What is the hundred thousands digit of 134270541?
2
What is the tens digit of 228643209?
0
What is the millions digit of 935427717?
5
What is the units digit of 468931676?
6
What is the billions digit of 1384990492?
1
What is the tens digit of 45451829?
2
What is the hundred thousands digit of 338207315?
2
What is the hundreds digit of 14558776?
7
What is the millions digit of 242081354?
2
What is the millions digit of 1854168012?
4
What is the hundreds digit of 3698340464?
4
What is the thousands digit of 7746375342?
5
What is the thousands digit of 254307215?
7
What is the hundred thousands digit of 16432582?
4
What is the ten thousands digit of 120761274?
6
What is the thousands digit of 701159325?
9
What is the units digit of 21449540?
0
What is the units digit of 2482924?
4
What is the units digit of 338255855?
5
What is the ten millions digit of 97023507?
9
What is the tens digit of 1768628703?
0
What is the hundreds digit of 132358125?
1
What is the ten thousands digit of 610429462?
2
What is the thousands digit of 854986142?
6
What is the ten thousands digit of 389494789?
9
What is the units digit of 2414857918?
8
What is the millions digit of 276003678?
6
What is the hundreds digit of 60874567?
5
What is the units digit of 13149653?
3
What is the millions digit of 7210114?
7
What is the tens digit of 244269649?
4
What is the millions digit of 933641992?
3
What is the hundreds digit of 253652964?
9
What is the millions digit of 984342345?
4
What is the hundreds digit of 421562975?
9
What is the ten thousands digit of 352439169?
3
What is the hundred thousands digit of 71761310?
7
What is the thousands digit of 14274926?
4
What is the hundred thousands digit of 81825404?
8
What is the units digit of 3805715251?
1
What is the units digit of 6815125?
5
What is the thousands digit of 687288228?
8
What is the ten millions digit of 3703696183?
0
What is the hundreds digit of 14447998?
9
What is the thousands digit of 4603766?
3
What is the thousands digit of 34719420?
9
What is the thousands digit of 499967866?
7
What is the tens digit of 1841098648?
4
What is the millions digit of 2510837815?
0
What is the units digit of 237172364?
4
What is the thousands digit of 137312203?
2
What is the ten millions digit of 129699890?
2
What is the ten millions digit of 878512274?
7
What is the ten thousands digit of 126531135?
3
What is the ten thousands digit of 963011098?
1
What is the hundred millions digit of 221872698?
2
What is the ten millions digit of 189189598?
8
What is the hundred millions digit of 3131061057?
1
What is the millions digit of 287242382?
7
What is the ten millions digit of 33629208?
3
What is the thousands digit of 879670575?
0
What is the ten thousands digit of 8851585?
5
What is the ten thousands digit of 5280265871?
6
What is the ten thousands digit of 7694855757?
5
What is the ten thousands digit of 2067429584?
2
What is the millions digit of 1166347014?
6
What is the ten millions digit of 55150562?
5
What is the units digit of 4114170825?
5
What is the hundreds digit of 574246647?
6
What is the units digit of 31521302?
2
What is the ten thousands digit of 31745563?
4
What is the ten millions digit of 2757967396?
5
What is the tens digit of 27969397?
9
What is the units digit of 268500202?
2
What is the hundreds digit of 200625491?
4
What is the hundreds digit of 206637734?
7
What is the ten thousands digit of 6690191217?
9
What is the tens digit of 1312298933?
3
What is the units digit of 105175567?
7
What is the hundreds digit of 1811861947?
9
What is the thousands digit of 23371425?
1
What is the hundreds digit of 1137440158?
1
What is the units digit of 1034456970?
0
What is the millions digit of 185065931?
5
What is the ten millions digit of 707209003?
0
What is the thousands digit of 2937258501?
8
What is the tens digit of 6865224652?
5
What is the ten millions digit of 93388441?
9
What is the tens digit of 178384688?
8
What is the thousands digit of 939760691?
0
What is the ten millions digit of 93852043?
9
What is the thousands digit of 1233400994?
0
What is the hundreds digit of 3800731?
7
What is the hundreds digit of 233492056?
0
What is the units digit of 1893623994?
4
What is the